Convert -346689 (base 12) to base 14.
-17c597
-26681265 (base 9) to base 2
-110010001101011101001100
Convert 10111112001 (base 3) to base 8.
206451
Convert 12bc3 (base 13) to base 9.
52868
What is -661ac9 (base 14) in base 10?
-3462321
What is 5253dd (base 14) in base 13?
764752
Convert -1790035 (base 10) to base 9.
-3327417
-22223213 (base 5) to base 14
-51317
What is -2523105 (base 6) in base 15?
-2a218
What is -2304263 (base 7) in base 12?
-11a282
-a02b6 (base 12) to base 2
-110010101110101010
What is -9316040 (base 10) in base 3?
-122112022012112
What is -103152236 (base 7) in base 12?
-208560b
Convert -122103112 (base 4) to base 10.
-107734
584245 (base 9) to base 16
55a84
What is 688b6 (base 12) in base 4?
202010022
Convert 1001120000022 (base 3) to base 10.
562067
-1111200101 (base 3) to base 11
-20310
Convert 40142513 (base 6) to base 9.
2116560
Convert 210100 (base 5) to base 8.
15364
What is 1101200100 (base 3) in base 11?
19701
What is 10111111110001001 (base 2) in base 10?
98185
What is 1335c1 (base 13) in base 9?
777237
What is -4a9799 (base 16) in base 9?
-10170646
Convert 1249755 (base 10) to base 9.
2314306
What is -13b27 (base 15) in base 14?
-190aa
-77646432 (base 8) to base 11
-9498620
Convert 2210002021222 (base 3) to base 12.
5b3322
What is 695081 (base 11) in base 9?
2063466
-a0635 (base 11) to base 16
-23ee6
What is 1412412 (base 5) in base 2?
111000110110011
-20104051 (base 7) to base 9
-3117324
What is 3364101 (base 7) in base 16?
6657c
What is 300069 (base 10) in base 7?
2356560
What is -3aa774 (base 15) in base 13?
-779635
6c8c (base 13) to base 11
10573
Convert 1023231210 (base 4) to base 2.
1001011101101100100
10110001100100000001 (base 2) to base 4
2301210001
100010101010110101 (base 2) to base 11
97766
What is -321121010 (base 4) in base 14?
-61952
Convert -4304144 (base 7) to base 15.
-a4c15
Convert 114041 (base 8) to base 13.
1495a
58b3b (base 12) to base 5
12303020
4b314 (base 16) to base 2
1001011001100010100
2104103 (base 5) to base 16
8857
-21304414 (base 5) to base 4
-230121203
Convert 2a6c17 (base 13) to base 4.
3332233202
-1400243022 (base 5) to base 7
-41650163
Convert -10110010010011001 (base 2) to base 6.
-1542345
Convert -1004fb (base 16) to base 7.
-11631535
Convert 80229 (base 12) to base 7.
1261401
2340932 (base 12) to base 6
401450102
Convert -2271220 (base 11) to base 14.
-75477c
Convert -103011133 (base 4) to base 2.
-10011000101011111
What is 800b8 (base 16) in base 11?
329053
Convert -1c485 (base 16) to base 7.
-661512
-121096 (base 15) to base 16
-d2f8d
What is -1a4b8cb (base 13) in base 6?
-510011353
-1001110101010011111 (base 2) to base 7
-2511244
-1472b (base 12) to base 14
-a655
What is -10223443 (base 5) in base 8?
-250153
-1031342232 (base 5) to base 3
-11011112211210
Convert 404811 (base 10) to base 9.
676260
What is -12022312320 (base 4) in base 7?
-16514160
What is -8a36fe (base 16) in base 6?
-522051222
-552040 (base 12) to base 3
-2112122200210
What is -100001011111000001001 (base 2) in base 5?
-240102400
What is 1321130002 (base 4) in base 14?
cd3b4
Convert 49240 (base 10) to base 13.
19549
2233021132 (base 4) to base 8
2571136
-11226566 (base 8) to base 16
-252d76
-2593439 (base 12) to base 13
-16c5180
10100110000110011000000 (base 2) to base 10
5442752
Convert 3817274 (base 9) to base 15.
2b0d3d
What is 5bb4b (base 16) in base 7?
3123060
333344132 (base 5) to base 11
9110a1
What is 1a509 (base 16) in base 13?
3a0a2
Convert 6160602 (base 7) to base 6.
23445523
What is -2020110010 (base 3) in base 14?
-120b9
Convert -342044 (base 7) to base 12.
-2b19b
117ca (base 14) to base 13
16595
-45052244 (base 7) to base 13
-a64c99
What is 104e30 (base 16) in base 9?
2007744
Convert 2202030103 (base 4) to base 8.
2421423
What is -112022002202 (base 3) in base 10?
-281468
What is 782282 (base 11) in base 15?
199954
Convert -10332323211 (base 5) to base 13.
-2428414
What is -33212130 (base 4) in base 14?
-19404
What is 21012230 (base 4) in base 6?
444352
Convert -111000001000111101 (base 2) to base 15.
-481ee
Convert -14234124 (base 5) to base 8.
-443451
What is -17d6a0 (base 14) in base 13?
-23705b
-471726 (base 9) to base 2
-1000101001100110011
What is -11011132111 (base 4) in base 11?
-830677
-1000010010101010010001 (base 2) to base 15
-2ce05a
Convert -11003223 (base 6) to base 10.
-327327
What is 1433616 (base 8) in base 14?
a86aa
45027 (base 8) to base 9
28014
Convert -2669640 (base 11) to base 3.
-22200012202121
-1424503122 (base 6) to base 7
-302306105
Convert 110100101100111100100 (base 2) to base 8.
6454744
What is 115466 (base 9) in base 7?
410013
-1202410202 (base 5) to base 2
-1010100110011010110010
Convert 642112 (base 7) to base 13.
3b7c1
Convert 13677c7 (base 13) to base 5.
3032110104
What is -81682b (base 15) in base 16?
-5dce84
Convert -13662175 (base 8) to base 12.
-10594a5
145102425 (base 7) to base 11
5501447
Convert -2842137 (base 9) to base 13.
-42960a
Convert 1145dd1 (base 14) to base 9.
16444620
What is 12d1297 (base 14) in base 7?
140262350
Convert -181807 (base 10) to base 2.
-101100011000101111
-257aa (base 14) to base 6
-1550134
-23404001 (base 6) to base 4
-2302222201
Convert 55009 (base 10) to base 2.
1101011011100001
-115481a (base 13) to base 16
-51a69e
What is -1811 (base 14) in base 11?
-3284
Convert 314837 (base 12) to base 11.
48a584
3243d3 (base 15) to base 8
11103224
What is -1876a53 (base 11) in base 14?
-5c7c2a
Convert -2142343100 (base 5) to base 11.
-269887a
-10000100111010100 (base 2) to base 8
-204724
Convert 41616115 (base 7) to base 6.
203215131
-47200322 (base 8) to base 5
-10113224422
1b68227 (base 13) to base 9
18110284
What is 100011101111011001000101 (base 2) in base 9?
18560054
What is -1344510 (base 7) in base 14?
-494b0
Convert 5636001 (base 11) to base 7.
146642031
-155457 (base 10) to base 4
-211331001
What is 66717 (base 12) in base 8?
411203
-122022401 (base 5) to base 7
-4633110
Convert 1134342242 (base 5) to base 14.
4d0ab4
-2001303400 (base 5) to base 13
-a78785
Convert 3a67290 (base 12) to base 16.
b0becc
Convert 17620011 (base 10) to base 12.
5a98923
What is 95bba (base 13) in base 5?
32120141
Convert 4a50a4 (base 11) to base 5.
201004013
What is -646632 (base 8) in base 7?
-1561056
Convert -74a86 (base 11) to base 9.
-175608
What is 24034456 (base 7) in base 10?
2126494
4db728 (base 14) to base 16
28edb8
-2454664 (base 8) to base 7
-5523423
Convert -1010000010001111110 (base 2) to base 12.
-13a366
What is -2543771 (base 8) in base 11?
-442931
-10111323313 (base 4) to base 6
-40222251
-22321221333 (base 4) to base 5
-1212420344
Convert -150676 (base 10) to base 16.
-24c94
22353521 (base 6) to base 12
28b8a1
Convert -2354426 (base 7) to base 15.
-5da42
Convert cd9fa (base 16) to base 12.
3474a2
What is -3233012 (base 6) in base 4?
-213011000
What is 225552433 (base 6) in base 9?
7808033
What is -2121111011122 (base 3) in base 4?
-11102232110
What is -4576471 (base 8) in base 15?
-198aed
What is 521443 (base 6) in base 10?
41859
-34b84 (base 13) to base 14
-27206
Convert 1316558 (base 9) to base 3.
1100120121222
-142472 (base 8) to base 4
-30110322
10000110011110110 (base 2) to base 3
10111110011
Convert 15511422 (base 6) to base 8.
2071446
5aa33 (base 11) to base 2
10101011011010001
283667 (base 9) to base 16
2a508
What is 111331230311 (base 4) in base 10?
5757749
Convert 56808b (base 12) to base 3.
2121020102222
What is -33252135 (base 7) in base 16?
-2bcac4
What is -1000101100010010011111 (base 2) in base 4?
-20230102133
Convert -4342221312 (base 5) to base 9.
-18508316
Convert 181b61 (base 14) to base 15.
11bd5c
Convert -1212200111220 (base 3) to base 9.
-1780456
-1021222122101 (base 3) to base 4
-2220020011
Convert -1a0341 (base 14) to base 3.
-1201212121110
Convert 1aa86 (base 14) to base 6.
1242302
What is 347792 (base 10) in base 12?
149328
-1300031000 (base 4) to base 12
-1a1b68
What is -5b7565 (base 12) in base 11?
-9248a6
What is 10000203 (base 5) in base 6?
1401534
What is -2202120210121 (base 3) in base 16?
-16669c
Convert -18707426 (base 10) to base 14.
-26ad80a
750d4 (base 15) to base 11
234091
-462047 (base 15) to base 2
-1100110001011001100011
-101a58 (base 15) to base 3
-1102212111102
Convert 400446 (base 8) t